 = l**2 + l - 5. What is b(-5)?
15
Let u(w) = -w**3 - 23*w**2 + 19*w - 118. Calculate u(-24).
2
Let t(c) = -2*c**3 + 3*c**2 + 4. Determine t(-3).
85
Let f(k) = -16*k + 589. What is f(37)?
-3
Let y(m) = -m**3 + 11*m**2 - 13*m. Determine y(6).
102
Let i(b) = -b**3 + 9*b**2 - 11*b + 6. Calculate i(7).
27
Let q(c) = c**3 + 3*c**2 - 2*c - 1. Determine q(2).
15
Let m(c) = -c**3 - 16*c**2 + 33*c - 49. Calculate m(-18).
5
Let v(r) = 9*r**2 - 3*r + 1. What is v(1)?
7
Let n(q) = q**2 - 6*q - 12. Determine n(6).
-12
Let q(f) = 107*f - 428. Determine q(4).
0
Let x(u) = u**3 + 15*u**2 + 28*u - 13. Give x(-13).
-39
Let v(y) = -4*y + 7. Determine v(-8).
39
Let m(j) = -j**2 - 5*j + 3. Calculate m(4).
-33
Let a(w) = 21*w + 81. Give a(-5).
-24
Let b(x) = -29*x**2 - 4*x + 4. Calculate b(1).
-29
Let s(u) = u**3 + 14*u**2 + 43*u - 13. Give s(-5).
-3
Let s(x) = 21*x + 5. What is s(-1)?
-16
Let o(k) = 3*k**2 - 5*k + 4. Calculate o(-3).
46
Let l(z) = z**3 + 9*z**2 + z + 6. What is l(-9)?
-3
Let r(u) = u**2 + 4*u + 3. Determine r(-5).
8
Let w(i) = 13*i - 10. Give w(-5).
-75
Let p(w) = -18*w + 74. Determine p(4).
2
Let y(l) = l**2 - 6*l + 17. What is y(6)?
17
Let w(m) = -2*m**2 + 58*m - 366. Determine w(20).
-6
Let r(a) = a**3 - 4*a**2 - 7*a + 1. Determine r(5).
-9
Let n(r) = -4*r**2 + 6. Determine n(5).
-94
Let t(w) = w**2 + 15*w - 7. Give t(-12).
-43
Let q(d) = d**2 - 6*d + 5. Determine q(6).
5
Let s(y) = -11*y + 1. Determine s(7).
-76
Let w(r) = r**2 - 7*r + 12. Determine w(8).
20
Let z(d) = -3*d - 39. Determine z(5).
-54
Let a(f) = f**2 + 2*f - 1. Give a(-9).
62
Let n(l) = l**2 - 30*l + 20. Calculate n(29).
-9
Let l(c) = -c + 22. Calculate l(15).
7
Let w(l) = -l**3 + 20*l**2 - 50*l - 8. Determine w(17).
9
Let p(u) = u**3 - 8*u**2 + 6*u - 3. What is p(7)?
-10
Let m(o) = o**3 - 5*o**2 - 10*o. Determine m(7).
28
Let p(i) = i**2 - 12*i + 23. Determine p(10).
3
Let x(h) = h**3 + 10*h**2 + 2. Give x(-10).
2
Let w(x) = 3*x**2 + x. Determine w(-2).
10
Let o(p) = -p**2 + 5*p - 1. Give o(10).
-51
Let b(a) = -10*a**2 - 4. What is b(3)?
-94
Let s(b) = b**2 + 11*b - 75. Give s(5).
5
Let x(d) = d**2 + 45*d - 86. Give x(-47).
8
Let c(y) = y**2 + 70*y + 204. Calculate c(-67).
3
Let b(a) = a**3 - 10*a**2 + 3*a - 19. What is b(10)?
11
Let t(a) = -a**2 - 16*a + 41. What is t(-18)?
5
Let n(j) = 4*j + 11. Calculate n(-7).
-17
Let r(p) = -p**2 - 5*p - 8. Determine r(-11).
-74
Let v(a) = a**2 - 19*a + 82. What is v(7)?
-2
Let p(d) = 28*d - 274. What is p(10)?
6
Let h(j) = -j**2 - 9*j + 1. Determine h(-10).
-9
Let n(f) = -2*f**2 - 11. What is n(-4)?
-43
Let a(b) = -25*b + 128. Give a(5).
3
Let k(l) = -l**2 - 11*l - 22. Calculate k(-10).
-12
Let j(v) = -v**3 + 8*v**2 - 11*v + 20. What is j(7)?
-8
Let m(s) = -9*s + 2. Give m(3).
-25
Let v(z) = z**3 + 9*z**2 - z - 2. Give v(-9).
7
Let a(u) = 20*u - 232. Calculate a(12).
8
Let r(a) = -4*a**3 - a**2 + 2*a + 3. What is r(-2)?
27
Let t(u) = -84*u + 88. Calculate t(1).
4
Let y(r) = -r**3 + 5*r**2 + 12*r + 10. Give y(7).
-4
Let x(y) = 9*y**3 - y**2 - 5*y + 5. Determine x(2).
63
Let j(f) = f**2 - 4*f - 15. What is j(6)?
-3
Let k(s) = -5*s**2 + 2*s + 17. What is k(-3)?
-34
Let c(i) = i**3 + 14*i**2 + 11*i + 12. What is c(-13)?
38
Let c(m) = -m**3 - 6*m**2 + 7*m - 13. Calculate c(-8).
59
Let f(r) = -r**2 + 7*r + 23. Calculate f(10).
-7
Let z(i) = -i**3 + 4*i**2 - 5*i + 1. Calculate z(2).
-1
Let g(i) = -3*i**2 + 191*i - 125. Determine g(63).
1
Let a(v) = -2*v**3 - 13*v**2 + 3*v - 25. Give a(-7).
3
Let a(o) = o**2 - 16. What is a(0)?
-16
Let s(k) = -3*k + 8. Calculate s(-7).
29
Let l(i) = i**2 - 8*i - 23. What is l(10)?
-3
Let p(q) = q**3 + q + 52. What is p(0)?
52
Let t(c) = 28*c**3 + c**2. Give t(-1).
-27
Let t(h) = 3*h**2 + 4*h - 4. What is t(1)?
3
Let v(g) = -2*g**2 - 27*g - 38. Calculate v(-12).
-2
Let r(n) = 5*n**2 + n. What is r(3)?
48
Let q(s) = s**3 + 3*s**2 + 2*s - 2. Calculate q(-2).
-2
Let m(w) = -6*w**2 - 11*w + 12. Give m(-5).
-83
Let f(x) = x**3 - 4*x**2 - 3*x + 4. Give f(4).
-8
Let f(q) = q**3 + q**2 + 12. Calculate f(0).
12
Let o(f) = 3*f**3 - 4*f**2 + 5*f - 2. Determine o(3).
58
Let j(p) = p**2 - p. Calculate j(-1).
2
Let x(s) = -s + 32. Give x(8).
24
Let r(a) = -3*a**2 - 6*a + 36. Determine r(-5).
-9
Let v(c) = -3*c - 139. Calculate v(-43).
-10
Let c(z) = -z**3 + 5*z**2 + 7*z - 4. Calculate c(6).
2
Let j(u) = -u**2 - 15*u + 1. Calculate j(-16).
-15
Let i(s) = -15*s - 208. Calculate i(-14).
2
Let b(n) = -2*n - 20. Calculate b(-14).
8
Let c(k) = -k**2 - 9*k - 10. Determine c(-8).
-2
Let f(u) = -u**3 + 5*u**2 - 10*u + 18. What is f(4)?
-6
Let v(b) = 4*b - 5. Give v(2).
3
Let g(w) = w**2 + w + 4. Give g(-3).
10
Let s(i) = i**3 - 11*i**2 - 21*i - 59. What is s(13)?
6
Let c(o) = o**2 + 14*o + 3. Determine c(-12).
-21
Let v(h) = 2*h - 13. What is v(10)?
7
Let t(n) = -19*n - 2. What is t(3)?
-59
Let k(j) = 3*j - 12. Give k(6).
6
Let d(x) = x**3 - 6*x**2 - 9*x - 6. Give d(7).
-20
Let d(v) = v**3 + 4*v**2 - 16*v - 17. Calculate d(-6).
7
Let q(d) = -d**3 + 41*d**2 - 41*d + 46. What is q(40)?
6
Let l(t) = t + 7. Give l(-19).
-12
Let p(y) = -2*y + 3. Determine p(-5).
13
Let a(u) = -u**3 + 2*u**2 + 3. Calculate a(3).
-6
Let w(h) = -h**3 - 10*h**2 + 14*h - 22. What is w(-12)?
98
Let r(u) = u**3 + 6*u**2 + 6*u - 10. Give r(-6).
-46
Let h(p) = 7*p - 5. Calculate h(4).
23
Let g(m) = -5*m - 2. What is g(-6)?
28
Let a(i) = 2*i + 70. Give a(-9).
52
Let b(v) = 2*v + 15. What is b(6)?
27
Let m(p) = 3*p - 7. Give m(4).
5
Let p(t) = t**3 - 6*t**2 + 6*t - 3. Give p(6).
33
Let g(v) = -v**2 + 2*v + 19. What is g(5)?
4
Let u(r) = 4*r**2 + 16*r + 15. Determine u(-6).
63
Let n(y) = y**2 - 16*y. Determine n(15).
-15
Let t(r) = -r**2 + 13*r - 11. Determine t(11).
11
Let l(v) = -v**2 - 22*v - 112. Determine l(-8).
0
Let r(o) = -2*o**3 + 2*o**2 + 8*o - 1. What is r(-4)?
127
Let l(h) = -19*h**2 + 3*h + 5. Give l(-2).
-77
Let y(u) = -2*u**2 + 21*u + 37. Determine y(12).
1
Let y(l) = l**2 - 16*l - 19. What is y(18)?
17
Let r(z) = 79*z**2 + 6*z + 4. Calculate r(-1).
77
Let a(v) = v**3 - 18*v**2 - 21*v + 36. Calculate a(19).
-2
Let r(f) = 2*f**2 - 14*f + 13. Give r(7).
13
Let r(z) = -4*z + 39. Calculate r(13).
-13
Let u(g) = g**3 - 2*g**2 + 22*g + 1. Determine u(0).
1
Let t(o) = -13*o**2 - 19*o + 1. Calculate t(-1).
7
Let n(d) = d**3 - 10*d**2 - 2*d + 13. What is n(10)?
-7
Let f(b) = -2*b**2 + 38*b - 73. Calculate f(17).
-5
Let g(d) = -d**3 - 2*d**2 + 22. What is g(0)?
22
Let l(o) = -4*o. Give l(-1).
4
Let s(v) = -v**3 - 2*v**2 + 2*v + 24. What is s(0)?
24
Let n(i) = -i**3 - 7*i**2 + 7*i - 14. Calculate n(-8).
-6
Let j(f) = -f**3 + 4*f**2 + 12*f + 3. Calculate j(6).
3
Let a(p) = p**3 - p**2 + p - 8. Determine a(0).
-8
Let h(b) = b**2 + 29*b - 21. Give h(-30).
9
Let i(k) = -26*k - 5. Give i(-2).
47
Let j(q) = q**2 - 2*q - 3. Determine j(-1).
0
Let c(q) = q**3 - 26*q**2 - 2*q + 9. What is c(26)?
-43
Let v(z) = -2*z**3 - 4*z**2 - z - 19. What is v(-4)?
49
Let x(z) = 3*z - 15. What is x(7)?
6
Let b(f) = f**2 - 13*f + 37. What is b(7)?
-5
Let x(t) = -3*t**2 - 27*t - 5. Calculate x(-8).
19
Let f(n) = 6*n + 1. Calculate f(0).
1
Let f(v) = v**2 + 3*v - 88. What is f(-11)?
0
Let v(d) = 45*d + 1. What is v(-1)?
-44
Let o(b) = -b**3 + 1. Determine o(-1).
2
Let q(h) = -4*h**2 - 20*h - 44. Determine q(-4).
-28
Let c(s) = 3*s**2 + 53. Calculate c(0).
53
Let b(a) = a**2 + 3*a - 14. Determine b(4).
14
Let s(j) = j**3 - 7*j**2 - 6*j + 33. What is s(7)?
-9
Let n(v) = 3*v**2 - 15*v + 7. Give n(4).
-5
Let c(q) = q**3 - 2*q**2 - 10*q + 6. What is c(4)?
-2
Let s(y) = 6*y + 12. Calculate s(-8).
-36
Let z(m) = -m**2 - 23*m - 32. What is z(-21)?
10
Let l(m) = -m**2 - 29*m - 177. Determine l(-11).
21
Let y(z) = z - 1. Determine y(2).
1
Let w(n) = -n**3 + 8*n**2 - 10*n + 20. Determine w(7).
-1
Let j(u) = -u + 7. Determine j(-16).
23
Let h(m) = -37*m - 482. Give h(-13).
-1
Let q(o) = -o**2 - 17*o - 20. Determine q(-19).
-58
Let b(x) = -x**3 - x**2. What is b(2)?
-12
Let p(y) = -y**2 + 9*y - 3. Give p(9).
-3
Let c(i) = i**3 + 12*i**2 + 2*i + 16. Give c(-12).
-8
Let q(u) = -u**2 + 68*u + 5. Calculate q(0).
5
Let k(f) = -f**2 + 32. Give k(0).
32
Let b(m) = -6*m + 1. Give b(0).
1
Let g(o) = -o**2 - 2*o + 11. What is g(0)?
11
Let k(w) = -w**2 + 12*w - 2. What is k(3)?
25
Let g(h) = -h**3 + 25*h**2 + 